
False
Does 9 divide 1096884972?
True
Does 8 divide 123714264?
True
Does 3025 divide 877477673?
False
Is 3 a factor of 3127734?
True
Does 73 divide 45071429?
False
Does 36 divide 6854288?
False
Does 5901 divide 636841821?
True
Does 169 divide 236868044?
False
Is 922 a factor of 1293525784?
False
Does 117 divide 130896676?
False
Is 30 a factor of 93202710?
True
Is 53055488 a multiple of 114?
False
Is 1612873238 a multiple of 23?
False
Is 1647 a factor of 17351243?
False
Does 109 divide 12214949?
False
Is 870296307 a multiple of 45?
False
Is 3435876210 a multiple of 7163?
True
Does 222 divide 17754228?
True
Is 56 a factor of 1122398509?
False
Is 383406658 a multiple of 14?
False
Is 10 a factor of 1032810?
True
Is 34 a factor of 736029960?
True
Is 116 a factor of 31715823?
False
Does 74 divide 10437182?
True
Is 1868362013 a multiple of 161?
True
Does 365 divide 6819660?
True
Does 2615 divide 167655495?
True
Is 53 a factor of 124060227?
True
Is 29036238 a multiple of 102?
True
Is 1118 a factor of 1452960626?
True
Is 1554 a factor of 89230680?
True
Is 10 a factor of 1064707511?
False
Is 10 a factor of 292443240?
True
Is 8 a factor of 49948429?
False
Is 64375347 a multiple of 14?
False
Is 4921110 a multiple of 146?
False
Does 836 divide 19752172?
True
Is 130635970 a multiple of 1385?
True
Is 46825535 a multiple of 20?
False
Is 9 a factor of 11078289?
True
Is 392610064 a multiple of 14?
True
Is 64 a factor of 152608000?
True
Does 40 divide 577562040?
True
Is 205028832 a multiple of 16?
True
Is 303 a factor of 160227993?
False
Is 1177529823 a multiple of 279?
True
Is 504238018 a multiple of 17?
False
Does 77 divide 14921221?
False
Does 81 divide 2769546006?
True
Is 333 a factor of 645826527?
True
Is 55 a factor of 167652175?
False
Is 227 a factor of 3314108519?
True
Is 197162513 a multiple of 33?
False
Is 176 a factor of 19240904?
False
Does 551 divide 16976310?
True
Is 5 a factor of 115666430?
True
Is 54229842 a multiple of 3837?
False
Is 90794450 a multiple of 223?
True
Does 12435 divide 142095993?
False
Does 61 divide 18818895?
False
Is 19 a factor of 379699355?
False
Does 2319 divide 42843164?
False
Is 128310075 a multiple of 15?
True
Is 629401728 a multiple of 64?
True
Is 6 a factor of 985313350?
False
Does 248 divide 30259224?
True
Is 921 a factor of 107594918?
False
Is 44356668 a multiple of 57?
False
Is 3715 a factor of 372361005?
False
Is 1030 a factor of 123922390?
True
Is 54 a factor of 34204464?
True
Does 8935 divide 3781483285?
False
Is 136 a factor of 47189552?
True
Is 92912600 a multiple of 44?
True
Does 1749 divide 18463569?
False
Is 615888738 a multiple of 18?
True
Is 7540971 a multiple of 2001?
False
Is 158352160 a multiple of 10?
True
Is 90 a factor of 1180182960?
True
Is 16781577 a multiple of 25?
False
Does 11 divide 198888712?
True
Does 13 divide 361615119?
False
Does 22 divide 102969662?
False
Does 59 divide 314193703?
True
Does 1905 divide 1123447080?
True
Is 697787180 a multiple of 134?
False
Does 8 divide 65743013?
False
Is 3368000 a multiple of 421?
True
Is 107 a factor of 140288099?
False
Is 8 a factor of 5443680?
True
Is 322 a factor of 43763986?
True
Does 185 divide 1152405515?
True
Is 27327966 a multiple of 106?
True
Does 1543 divide 41215035?
False
Is 630 a factor of 53158109?
False
Does 11 divide 471472809?
False
Does 367 divide 225124773?
True
Is 269 a factor of 36325760?
True
Does 479 divide 212380936?
True
Does 167 divide 23308817?
False
Is 6074009 a multiple of 182?
False
Is 209 a factor of 256110445?
False
Does 14 divide 640517322?
False
Is 10154228 a multiple of 4?
True
Is 1934 a factor of 1175382698?
True
Is 17 a factor of 1405798?
True
Is 191 a factor of 41699311?
True
Does 58 divide 6692620?
True
Is 21272685 a multiple of 95?
True
Does 149 divide 7994446?
True
Is 463 a factor of 558366?
False
Is 112 a factor of 41682252?
False
Does 39 divide 25953642?
True
Does 50 divide 301315882?
False
Is 102 a factor of 691467180?
True
Is 402 a factor of 63645042?
True
Is 140 a factor of 112361273?
False
Is 2 a factor of 299805130?
True
Is 142 a factor of 26072336?
True
Is 85 a factor of 198441810?
False
Does 7 divide 129435158?
False
Does 6 divide 32618244?
True
Does 170 divide 8628520?
True
Is 2758631178 a multiple of 411?
True
Does 28 divide 72478972?
False
Is 373 a factor of 1971470985?
True
Is 22 a factor of 1059451778?
True
Is 50299167 a multiple of 13?
False
Is 6 a factor of 3044418?
True
Is 51 a factor of 111159090?
True
Is 422288624 a multiple of 178?
True
Does 589 divide 125213823?
False
Is 15820932 a multiple of 520?
False
Does 360 divide 414116280?
True
Is 2368134 a multiple of 27?
False
Does 7270 divide 342940440?
True
Does 1183 divide 271938576?
True
Is 15864417 a multiple of 281?
True
Is 19358263 a multiple of 131?
True
Is 21 a factor of 424354656?
False
Does 563 divide 438873592?
False
Does 26 divide 19421506?
True
Is 50740351 a multiple of 727?
False
Is 248354834 a multiple of 73?
False
Is 83 a factor of 13511892?
False
Is 9878341 a multiple of 14?
False
Is 1973 a factor of 1112977192?
True
Is 10 a factor of 294731924?
False
Is 69 a factor of 371121606?
True
Does 147 divide 25208526?
False
Does 911 divide 6902278?
False
Does 90 divide 298338120?
True
Is 2494196031 a multiple of 145?
False
Is 204411638 a multiple of 7?
False
Is 567 a factor of 3416888286?
True
Does 16 divide 393439763?
False
Is 833880398 a multiple of 26?
True
Is 1979544455 a multiple of 6245?
False
Does 51 divide 220810008?
True
Is 864947 a multiple of 6?
False
Is 64 a factor of 21735102?
False
Is 15915457 a multiple of 43?
False
Is 63 a factor of 1085377860?
True
Is 54 a factor of 793825326?
True
Is 29821952 a multiple of 16?
True
Does 548 divide 269937676?
True
Is 3167602850 a multiple of 4825?
True
Is 8 a factor of 58865863?
False
Is 132 a factor of 10049182?
False
Does 10 divide 121945617?
False
Is 10 a factor of 100491530?
True
Is 43498461 a multiple of 51?
True
Does 402 divide 3463230?
True
Does 56 divide 51424346?
False
Does 358 divide 231682922?
True
Does 41 divide 110858270?
False
Is 36 a factor of 317148407?
False
Does 65 divide 31137080?
True
Is 2383890021 a multiple of 3499?
False
Is 40347937 a multiple of 3?
False
Does 20 divide 2538538?
False
Is 88745762 a multiple of 371?
False
Is 56874024 a multiple of 4749?
True
Is 567 a factor of 309243413?
False
Is 11075806 a multiple of 161?
False
Is 16076284 a multiple of 508?
False
Does 2473 divide 44620339?
True
Is 93886566 a multiple of 213?
True
Is 71582966 a multiple of 1066?
True
Is 45710331 a multiple of 391?
False
Does 2048 divide 199839744?
True
Is 109 a factor of 114324617?
False
Does 28 divide 573045088?
True
Is 373422399 a multiple of 113?
True
Is 1751 a factor of 2220050876?
True
Is 1907 a factor of 17182070?
True
Does 24 divide 299548082?
False
Is 162691644 a multiple of 3?
True
Is 89 a factor of 179792727?
True
Is 82 a factor of 120992265?
False
Is 605894909 a multiple of 17?
True
Does 507 divide 24214836?
False
Does 16 divide 14422352?
True
Does 698 divide 33120897?
False
Is 12552 a factor of 657631194?
False
Is 922 a factor of 13934135?
False
Is 1662874815 a multiple of 21?
True
Is 38 a factor of 353722088?
True
Does 15 divide 11429835?
True
Is 4906188518 a multiple of 15?
False
Does 5148 divide 6827193?
False
Does 39 divide 103839333?
True
Is 497 a factor of 8840636?
True
Does 146 divide 6688260?
True
Is 473 a factor of 1043882380?
False
Is 438 a factor of 66629344?
False
Does 50 divide 73107264?
False
Is 12 a factor of 6204905359?
False
Is 62140998 a multiple of 6?
True
Is 1062 a factor of 211444521?
False
Is 47451404 a multiple of 125?
False
Is 20 a factor of 654147?
False
Is 16817262 a multiple of 409?
True
Is 28 a factor of 221704420?
True
Does 1508 divide 1200153151?
False
Does 86 divide 364755891?
False
Is 2023491 a multiple of 127?
True
Is 31 a factor of 3805469176?
False
Does 50 divide 784522588?
False
Does 72 divide 45018127?
False
Is 215 a factor of 14390270?
False
Is 426576096 a multiple of 96?
True
Does 62 divide 198445276?
False
Does 189 divide 93896850?
False
Does 1477 divide 20242285?
True
Is 403 a factor of 605394660?
True
Is 64429800 a multiple of 438?
True
Is 489007269 a multiple of 11887?
False
Does 4 divide 7393446?
False
Does 117 divide 159029